{"id":2,"date":"2012-08-10T11:54:33","date_gmt":"2012-08-10T11:54:33","guid":{"rendered":"http:\/\/www.quinsa.es\/?page_id=2"},"modified":"2022-05-23T16:24:00","modified_gmt":"2022-05-23T16:24:00","slug":"pagina-ejemplo","status":"publish","type":"page","link":"https:\/\/www.quinsa.es\/?page_id=2","title":{"rendered":"Contacto"},"content":{"rendered":"<h3>Contacto:<\/h3>\n<p>Puedes contactarnos a trav\u00e9s del tel\u00e9fono 942 64 23 24 o en el correo electr\u00f3nico<a href=\"mailto:oficina@quinsa.es\">\u00a0oficina@quinsa.es<\/a><\/p>\n<hr \/>\n<h3>Localizaci\u00f3n:<\/h3>\n<p><iframe loading=\"lazy\" style=\"border: 0;\" src=\"https:\/\/www.google.com\/maps\/embed?pb=!1m18!1m12!1m3!1d1448.9791281825276!2d-3.543098116352394!3d43.41969887497097!2m3!1f0!2f0!3f0!3m2!1i1024!2i768!4f13.1!3m3!1m2!1s0xd4ec782c9600e39%3A0x246033ea7c7f7a67!2sBarrio+Madama%2C+34%2C+39791+B%C3%A1rcena+de+Cicero%2C+Cantabria!5e0!3m2!1ses!2ses!4v1466867991045\" width=\"600\" height=\"450\" frameborder=\"0\" allowfullscreen=\"allowfullscreen\"><\/iframe><\/p>\n","protected":false},"excerpt":{"rendered":"<p>Contacto: Puedes contactarnos a trav\u00e9s del tel\u00e9fono 942 64 23 24 o en el correo electr\u00f3nico\u00a0oficina@quinsa.es Localizaci\u00f3n:<\/p>\n","protected":false},"author":1,"featured_media":0,"parent":0,"menu_order":3,"comment_status":"closed","ping_status":"closed","template":"","meta":[],"_links":{"self":[{"href":"https:\/\/www.quinsa.es\/index.php?rest_route=\/wp\/v2\/pages\/2"}],"collection":[{"href":"https:\/\/www.quinsa.es\/index.php?rest_route=\/wp\/v2\/pages"}],"about":[{"href":"https:\/\/www.quinsa.es\/index.php?rest_route=\/wp\/v2\/types\/page"}],"author":[{"embeddable":true,"href":"https:\/\/www.quinsa.es\/index.php?rest_route=\/wp\/v2\/users\/1"}],"replies":[{"embeddable":true,"href":"https:\/\/www.quinsa.es\/index.php?rest_route=%2Fwp%2Fv2%2Fcomments&post=2"}],"version-history":[{"count":5,"href":"https:\/\/www.quinsa.es\/index.php?rest_route=\/wp\/v2\/pages\/2\/revisions"}],"predecessor-version":[{"id":273543,"href":"https:\/\/www.quinsa.es\/index.php?rest_route=\/wp\/v2\/pages\/2\/revisions\/273543"}],"wp:attachment":[{"href":"https:\/\/www.quinsa.es\/index.php?rest_route=%2Fwp%2Fv2%2Fmedia&parent=2"}],"curies":[{"name":"wp","href":"https:\/\/api.w.org\/{rel}","templated":true}]}}